 digit of x?
5
Let t be (-4)/(-12) + (-4)/12. Suppose t = -7*a + 325 + 32. What is the tens digit of a?
5
Let i = -140 + 142. Suppose -i = -3*x + 10. What is the units digit of x?
4
Suppose 0 = -3*f - 6 + 636. What is the tens digit of f?
1
Let g = 10 + -10. Let u be (g/1)/((-4)/4). Let v = u - -1. What is the units digit of v?
1
Let w be (-2405)/26 - 8/(64/(-12)). Let z be 436/(-3) + 2/6. Let g = w - z. What is the units digit of g?
4
Suppose 5*g - 2 = 8. Suppose 0 = -g*r - r. Suppose r = -4*y - 10 + 2, 85 = 5*h + 5*y. What is the units digit of h?
9
Suppose -6*j = -3*j - 6, 3*f - 5*j + 1 = 0. Suppose -5*y - 5*u = -305, -y + 5*u + 58 = f. What is the units digit of 28/(-6)*y/(-8)?
5
Let l(u) = 2 - 5*u**2 + 0*u - 5*u - u**2 + 6 + u**3. What is the units digit of l(7)?
2
Let w = -1 + 1. Suppose f - 5*n - 28 = w, 2*f - 2*n = 24 - 8. Suppose -4*x + 35 = 3*r, 4*r + f*x - 38 = 2*x. What is the units digit of r?
9
Let y(f) = 57*f**2 + 14*f - 30. What is the units digit of y(-6)?
8
Let b be (-18)/30 + 63/5. Let s be 45/b - 4/(-16). Suppose 2*h - 4*o + s = 0, 0*h - 3*o = -2*h - 1. What is the units digit of h?
4
Let m = 2862 + -311. What is the thousands digit of m?
2
Let s = 42 - 96. Let g = s - -118. What is the units digit of g?
4
Let p(d) = 11*d**2 - 6*d + 31. What is the hundreds digit of p(7)?
5
Let q = -17 - -20. Let p = q - 11. What is the units digit of 227/7 - p/14?
3
Let u = 7 - -54. Let k = u - -38. What is the units digit of k?
9
Suppose -4*k - 10 - 10 = 0. Let p = -9 - k. What is the units digit of 1/p + 25/4?
6
Suppose 4*c - 13*c + 855 = 0. What is the units digit of c?
5
Suppose -5*r - 4*a - 5 = -a, 2*r - 29 = 5*a. Suppose -30 + 335 = 5*x + r*i, 0 = -4*x + 2*i + 226. What is the tens digit of x?
5
Let k be (3 - (-51)/(-15))*-10. Let f be (2 - 6/4)*k. Suppose f*q + 2*q - 60 = 0. What is the units digit of q?
5
Let d = -7 - -11. Suppose d*b - 449 = 235. What is the hundreds digit of b?
1
Suppose 23*w = 19*w + 9312. What is the hundreds digit of w?
3
Let o = 1048 + -661. What is the units digit of o?
7
Let d(m) = 4*m - 2. Let h be d(4). Let p be (-6)/h - (-24)/7. What is the tens digit of 1/3*p*26?
2
Let o = 3652 + -1145. What is the tens digit of o?
0
Suppose -2*l + 2 = 0, 5*d = 2*l + l + 12. Suppose 0 = 5*s - 2*q - 128, -5*s + 137 - 5 = -d*q. What is the tens digit of s?
2
Let g(t) = -6*t + 224. What is the units digit of g(0)?
4
Let m(d) = d**2 + 11*d. Let f be m(-11). Suppose -5*r + r - 88 = f. Let b = r - -44. What is the units digit of b?
2
Let g(w) = -w - 4. Let c(m) = -6*m - 1. Let l be c(1). Let a be g(l). Suppose a*x - 16 = -3*u - u, -2*x - 1 = u. What is the units digit of u?
7
Suppose -4*r - 26 = 2*f, 4*f - 3*r = 3*f + 12. Let z be f*4*(-4)/(-24). What is the units digit of 13/1 + z + -2?
9
Suppose 3*g - 5338 = -5*l, 14*l + 2*g = 9*l + 5342. What is the hundreds digit of l?
0
Let p(l) = l - 8. Let g(j) = j**3 + 7*j**2 - 4*j - 15. Let s be g(-7). Let a be p(s). What is the tens digit of a/((-3)/(-60)*4)?
2
Suppose 3*u + 113 = 23. Let i be u/(-42) + (-4)/(-14). Let q = 9 - i. What is the units digit of q?
8
What is the hundreds digit of (-60)/(-252)*9567 - 2/(-14)?
2
Let y(v) = 2*v**2 + 13*v + 13. Let q be y(-11). Suppose 0 = -3*h + 8*n - 3*n + 320, 0 = -h - n + q. What is the tens digit of h?
1
Suppose 4*t = -5*l + 1487, 52*l = 49*l - t + 888. What is the hundreds digit of l?
2
Suppose 81*x = 13*x + 114104. What is the hundreds digit of x?
6
Let f(q) = q**2 + 3*q + 2. Let k be f(-3). Suppose 4*u - l = 150, -2*u - 2*l = k*u - 156. What is the units digit of u?
8
Let w = 100 - 50. What is the tens digit of (4/4)/(1/w)?
5
Suppose -2*i + 0 = -4. What is the units digit of (3/i)/(4/176)?
6
Let k be (1 - 181/3)*-9. Let x = k + -321. What is the units digit of x?
3
Suppose 5*z + 4627 - 15542 = 0. What is the thousands digit of z?
2
Let r = 309 + 59. What is the units digit of r?
8
Let i(x) = -15*x - 1 + 32*x - 20*x. Let y(n) = -2*n + 3. Let q be y(5). What is the tens digit of i(q)?
2
Suppose -h - 2*o + 577 + 153 = 0, 4*o = h - 724. What is the units digit of h?
8
Suppose h + 774 = v, -5*v - 6*h + 3886 = -7*h. What is the tens digit of v?
7
Suppose -25*h - 34963 + 95888 = 0. What is the tens digit of h?
3
Let t(u) = -u**2 + 29*u - 80. What is the tens digit of t(19)?
1
Suppose -4*x - 20 = 0, -x - 14 + 724 = 5*u. Suppose -u = 4*d - 639. Suppose -13*h + 9*h + d = 0. What is the tens digit of h?
3
Let q be (-252)/(-48)*(-8)/(-3). Suppose q*l + 252 = 16*l. What is the hundreds digit of l?
1
Let w = 653 - 118. What is the tens digit of w?
3
What is the hundreds digit of -2 + 4 + 4 + 310?
3
Let p be -13 + 11 + (0 - -4). What is the units digit of p/5 + 312/20?
6
Suppose 302 = 4*w + 94. Suppose 3*d - d - w = 0. What is the units digit of (-2)/(3 + d/(-8))?
8
Suppose -3*z + 63 = -4*r, z + 2*r = 5*r + 21. Suppose z = 4*y - 23. Suppose -9*v = -y*v + 84. What is the units digit of v?
2
Let k = -44 + 46. Suppose -p + 3*o + 2*o + 99 = 0, 0 = k*o + 6. What is the units digit of p?
4
Let f = -280 + 870. What is the tens digit of f?
9
Let g(n) = 2*n**2 - 5*n + 2. Let i be g(3). Let y(h) = h**2 + h + 4. Let s be y(i). Let m = s + -14. What is the tens digit of m?
2
Suppose -2*m = -5*a - 118, m - 4*a = -3*m + 248. What is the units digit of m?
4
What is the units digit of (-66)/231 + 6164/14?
0
Suppose 10*p - 529 = 9*p + 2*l, -4*p + 2122 = -5*l. What is the hundreds digit of p?
5
Let k be (-5)/10*(-4 - -2). Suppose v + k = 0, -3*m + 33 = -v + 4*v. Let q = m + -9. What is the units digit of q?
3
Suppose -2*d + 522 + 1266 = 0. What is the hundreds digit of d?
8
What is the tens digit of 1 - (-1 + ((-10908)/(-6))/(-2))?
1
Let i = 103 - 73. Let f = 210 - i. What is the hundreds digit of f?
1
Suppose -5*c + 0*a + 23 = 2*a, -3*c + 13 = 2*a. Suppose 2*f + 4*h - 136 = 0, -5*f - c*h + 37 = -288. What is the tens digit of f?
6
Let i be (0 - 1) + 4 + 3. Suppose -b + i + 50 = 0. What is the units digit of b?
6
Let p = 395 + -126. Let b = p - 61. What is the units digit of b?
8
Suppose -269 = -4*q + 283. What is the tens digit of q?
3
Suppose -4*p = 5*i - 32, -3*p = -6*p + 2*i + 1. What is the hundreds digit of (-177)/(-1) - (p + 0)?
1
Let i(z) = -26*z**3 - 2*z**2 + 4*z - 2. Let u be i(1). Let j = 34 + u. What is the units digit of j?
8
Let x(b) = -b**2 - 9*b - 10. Let g be x(-7). Let k(s) = -s**3 + 5*s**2 - 2*s - 5. Let l be k(g). What is the units digit of 41 - (2 - (l + 0))?
2
Suppose -6*v = 3 + 3. What is the tens digit of (-13)/(((-2)/(-10))/v)?
6
Suppose 90 = 5*p + o, p + 2*o = -2*p + 47. Let t = 94 - p. What is the units digit of t?
5
Let p = -1 + -1. Let t be 12*(p + (-12)/(-9)). Let i = t - -22. What is the tens digit of i?
1
Let t(n) = 31*n**3 + 4*n**2 - 5*n - 3. What is the tens digit of t(2)?
5
Let h(w) = w**2 - 3*w - 6. Let y be h(-5). Suppose y - 270 = -4*b. What is the tens digit of b?
5
Let s be -1 + 3 + -2 - -120. Suppose 3*y + s = 8*y. What is the units digit of y?
4
Let u(j) = 19*j**3 - 15*j**2 + 25*j - 11. What is the thousands digit of u(4)?
1
Suppose 5*r = 5*o + 80, -4*o + 32 = -r + 3*r. Let b = 29 + r. What is the tens digit of b?
4
Let b = 1812 + -800. What is the units digit of b?
2
Let r = -21 + 14. Let n = -2 - r. Suppose -z - 62 - 5 = -5*j, -n*z = -2*j + 36. What is the units digit of j?
3
Let q = 8 - 14. Let a(u) = 3*u + 5. Let l(g) = -6*g - 10. Let v(o) = q*l(o) - 13*a(o). What is the units digit of v(-5)?
0
Let a(g) be the third derivative of -g**6/120 + 2*g**5/15 + g**4/4 - 21*g**2. What is the units digit of a(7)?
1
Let j = 29 + 9. Suppose -2*z + 35 = -17. Suppose -j - z = -2*r. What is the tens digit of r?
3
Let t = 197 - 140. Suppose 0 = 4*i - o + 161, -o = -3*i - 142 + 21. Let p = i + t. What is the tens digit of p?
1
Let x(f) = -4*f - 2*f - f**2 + 2*f + 4 - 4*f. Let m be x(-8). Suppose -5*q = -m*y + 104, q + q + 147 = 5*y. What is the units digit of y?
1
Let s = -209 - -293. Suppose 0*z + s = 3*z. Suppose -5*x + 3*g + 86 = g, -x = 5*g - z. What is the tens digit of x?
1
Let b = -41 + 78. Let w = 53 - b. What is the tens digit of w?
1
Let a(b) = b**3 + 10*b**2 - 11*b + 22. Let h be a(-11). What is the tens digit of ((-3)/(-5))/(h/4510)?
2
Suppose 6*i + 78 = 12*i. Let l be (-2)/(-8) - (-63)/4. Let d = l - i. What is the units